e -6 + -4 + (-9 - -25) + 5.
11
Evaluate 21 - 29 - (-17 - -4) - -4.
9
Evaluate (-5 - 4 - 7) + (-4 - -8).
-12
Calculate -6 + (-1 - (9 + -12 + 9)) + 8.
-5
Calculate 3 + (-1 - ((12 - 5) + -21)).
16
What is the value of (30 - 41) + 49 + -42?
-4
What is -9 - (0 - 2 - (-6 - 3) - 10)?
-6
What is the value of (2 - 12) + 5 + -12 - -31?
14
Evaluate -3 + (-11 - -13) + -3 + 7 - 2.
1
What is the value of 124 - 112 - (-4 - -20)?
-4
What is the value of -3 + 5 + (-32 - -34)?
4
Evaluate 0 + -11 + 7 + -16.
-20
Calculate -27 + 40 + (1 - 10) - (-1 + -9).
14
Evaluate 12 + 8 + (4 - 15).
9
What is 4 + (8 - 4) + -4 + -4 + 3?
3
-12 - (19 - (66 + -24))
11
Calculate 1616 - 1619 - (-2 + 3 + 1 + -10).
5
Evaluate -2 + 3 + (-22 - -25) + 1 + -14.
-9
28 - 13 - 46 - (-23 - -7)
-15
Evaluate -25 - (10 + -4) - -53.
22
What is 9 + -10 + -20 + (0 - (2 - 5))?
-18
Calculate 0 + (-28 - -6) + 7.
-15
What is the value of -6 - (-15 - -17) - -7?
-1
Evaluate -26 + -15 + (42 - 14).
-13
Evaluate (3 - (5 + -15) - 7) + -12.
-6
What is (91 - 90) + 3 + (2 - 2)?
4
Calculate -4 - (-5 - (-3 + 4 + -2)) - 13.
-13
Calculate -44 - (-59 - (-31 - 1)).
-17
What is the value of -3 + -2 + 5 + (-2 - -2)?
0
What is -9 - (-199 + 201 - (3 + 1 + 1))?
-6
What is (-28 - (10 + -18)) + (14 - 10)?
-16
What is -1 + -13 + -786 + 794?
-6
What is 79 + -83 + 6 + -1 - (-2 - 0)?
3
What is (-56 - -8 - -15) + 18 + -8?
-23
Evaluate -7 + (-10 - (-6 + 8)) + 5.
-14
What is -17 - (1 - -6) - -50?
26
Calculate -67 + 58 - (-1 + (17 - (-5 - -2))).
-28
-7 + (10 - 10 - -10 - 0)
3
Calculate (-7 - -6 - (4 - 7)) + -4.
-2
Evaluate -2 - (3 - 1 - (81 + -74)).
3
Calculate 7 + 1 + -11 + -5 + 8.
0
Evaluate -3 + -9 + 2 + (-4 - -1) + -6.
-19
Calculate (-12 - (-26 - -8)) + -12.
-6
What is the value of (0 - 6) + (-84 - -76) + 13?
-1
Calculate -4 - -30 - (-65 - -71).
20
Evaluate -15 + (0 - 5 - (54 - 61)).
-13
-15 + 17 + -18 + 5
-11
What is 10 + (-3 - (15 - 9))?
1
(25 - 4) + -2 + (-151 - -154)
22
What is 9 - (5 - (12 - 44) - -1)?
-29
8 - 2 - (-11 + 17 + 4)
-4
What is 30 + -21 + (-5 + (-4 - -7) - 33)?
-26
-5 + -6 + (5 - (4 - 14))
4
Calculate -9 - (12 + -9) - (-11 - -12).
-13
What is (7 - (36 - 7) - -17) + -24?
-29
(-28 - -11) + (12 - -5)
0
What is the value of (7 - -4 - 22) + 21?
10
What is the value of (-4 - 1) + 102 + -87?
10
What is 13 + 2 - (34 + -39)?
20
What is the value of -30 - (-10 + (-17 - -17))?
-20
What is the value of -5 + -1 + (5 - -7 - 4)?
2
What is the value of -35 + (-17 - (-45 + 11)) - 10?
-28
What is -91 + 81 + (5 - ((2 - 3) + 5))?
-9
Evaluate -1 - (-6 + -2) - 15 - -2 - 7.
-13
What is the value of 19 + (-52 - 3) + 24?
-12
Calculate 1 - 8 - (2 + -5) - (-17 + 10).
3
What is 710 + -663 + -64 + 0?
-17
What is the value of -2 - (6 - 11) - -3 - -4 - -2?
12
Evaluate 2 - (-1 + 3 + -3 + 7).
-4
129 + -117 + -1 + -6
5
Evaluate -23 - (-27 - (-56 + 32)).
-20
-70 - -81 - (6 - -1)
4
What is the value of (0 - -25) + -17 - (-1 + 9)?
0
0 - 28 - (224 - 230) - (-8 + 1)
-15
Evaluate 14 + (-68 - -37) - (0 + 9).
-26
Evaluate 13 + -55 + (34 - 14).
-22
Calculate -1 - 15 - (16 + -54 + 26).
-4
10 + (5 + (5 - -1 - 6) - 3)
12
-10 + 1 - (8 + -17 - (1 + -12))
-11
Calculate 104 - 108 - (-14 + 0).
10
What is the value of -3 + (-19 - -15) + (8 - -1)?
2
What is 8 - (-15 + 14 + -3)?
12
Calculate -11 + 21 + 0 + -17 + (18 - -1).
12
What is the value of -17 - ((-5 - (7 - 1)) + 7) - 4?
-17
44 - ((35 - 61) + 45)
25
Evaluate 11 + -24 + 39 + 1.
27
4 + 14 + -19 + (1 - -1)
1
Evaluate -9 + 14 - (20 + -23).
8
Calculate 14 - (31 + -17 - (0 + 1)).
1
Evaluate -1 + (1 - 5) + 4 + (1 - 9).
-9
Evaluate -28 - (-9 - (5 - 8 - -3)).
-19
What is the value of 4 + -10 + 13 + 4?
11
What is (-1 - -5) + -15 - (5 - 5)?
-11
-9 - (13 - (5 + 18))
1
What is the value of 0 - 6 - (-249 - -253)?
-10
What is 24 + -2 + -14 + 14 + -22 + 24?
24
Calculate -28 - -20 - 2 - (0 + 0).
-10
What is the value of 19 - -4 - (-10 + 27)?
6
-14 + 15 - ((-2 - 4) + (-18 - -24))
1
-17 + -1 - (-19 - -5)
-4
Evaluate (-2 - -1) + (-1 + -26 - (-50 - -31)).
-9
What is 27 + -24 - (30 - 12)?
-15
What is the value of -2 + -2 + 1 + 11 - (-444 + 438)?
14
4 + 15 + 1 + -9 - (0 - 1)
12
11 + 8 + -17 + (2 - 6) - 0
-2
(-4 - 10) + -6 + 19 + -6
-7
What is (-28 - 31) + 28 + 13?
-18
Calculate 1 - 21 - (-182 - -180).
-18
What is the value of 20 + -7 + -9 + 4 + 22?
30
What is the value of 3 + 0 - (-14 - -18 - 10)?
9
What is the value of -2 + -16 + 11 + 8?
1
Evaluate -11 + 13 + -9 - -13.
6
Evaluate 4 + 1 + -77 + 80.
8
What is -1 + 22 - (-3 - (-16 - -9))?
17
Calculate 15 + -31 + 21 + -17.
-12
Calculate 2 + (-2 - 0) + -4 + 22 + -9.
9
Evaluate -33 + 6 - (5 - 30).
-2
What is the value of 36 + -16 - 38 - -17?
-1
Evaluate -20 + 0 + 26 - 1.
5
Calculate -13 - (-60 - ((3 - 12) + -10)).
28
What is the value of -4 + (-15 - (8 + -36 + 14))?
-5
-29 + (3 - -33) - 29
-22
What is -1 + 0 + (3 - -3) + (-24 - -13)?
-6
Evaluate 127 + -119 - (-2 + 0 + -2).
12
-12 + 2 + (26 - 5 - 8)
3
Evaluate 16 - (1 - -6) - (9 + 4 + 3).
-7
What is -15 + (4 - 25) - (-3 - 1)?
-32
5 + (4 - (16 + -8))
1
What is (19 - -7) + -10 + -6?
10
What is the value of -397 - -409 - (-2 + 34)?
-20
Evaluate 7 - (14 + (-3 - 2) + 0).
-2
What is the value of 18 - ((16 - 26) + 14)?
14
Evaluate -1 + (-5 - -4) + 2 + -7 + -2.
-9
3 - (10 + -9 + 10)
-8
Calculate -1 - -6 - (701 - 707).
11
Calculate 14 - ((-7 + -6 - 7) + 4).
30
What is the value of (-2 - 1 - -5) + (-28 - (-14 + -9))?
-3
-1 - -2 - (-3 + -11 - -17)
-2
-228 + 236 + (-2 - (-1 - 0 - 2))
9
Evaluate 24 + (-65 - (-10 + -14)).
-17
Calculate 4 + (-5 - -10) + (2 - -7) + -21.
-3
What is 3 - ((0 - -5) + 0) - -9?
7
What is the value of -1 + -7 - (360 + -365) - -2?
-1
What is the value of 8 + 2 + 6 + (-10 - (-14 + 10))?
10
Calculate (-1 - -9) + (8 - (-4 + 8 + 0)).
12
Evaluate -16 + 4 + 7 + -2.
-7
Evaluate 10 - (3 + -4 - -5) - 6.
0
Calculate 29 + -4 - 4 - (7 - -1).
13
0 - -4 - (19 - (2 - -4) - 6)
-3
What is 5 + -25 - (6 + -6)?
-20
What is the value of 3 + -4 - (9 + 0 + (-4 - -9))?
-15
What is the value of -8 - -1 - (-338 + 324)?
7
What is the value of -10 + 23 - -7 - 5 - (7 - 0)?
8
What is the value of (14 - 8) + (-49 - -17)?
-26
20 - (5 - -12) - -9
12
What is the value of 6 - (-5 + 1 - (-20 + 14 + 5))?
9
(31 - 17) + -10 - (3 - 1) - -9
11
What is the value of -1 + 2 + (0 - -2) + -2 + 3?
4
20 - (-5 - -12 - (1 + -5))
9
Evaluate 10 + -2 + (8 - (13 - -2)) + -9.
-8
Calculate 11 + 8 - 13 - (-1 - -8).
-1
Calculate -63 - (-57 - 3) - (29 + -1 + 0).
-31
Evaluate -26 - (-20 + -3 + 9).
-12
Calculate 1 - (4 + -5 + 9 - -6).
-13
What is the value of 4 - (1 + 14 + -1)?
-10
What is the value of 5 - (-9 + 15) - (1 + -4 + 3)?
-1
Calculate (18 - 7) + (-6 - -6 - 1).
10
Evaluate 12 - -5 - (40 - 6).
-17
Calculate (0 + 3 - -8) + 22 + -15.
18
What is (-5 - 4) + (-6 - -9) + -10?
-16
2 + (1 - 0) + (-3 - 9 - -15)
6
-2 + -6 + -28 + 3 + 20 - 10
-23
What is 3248 + -3291 + (0 - -15) + -1?
-29
25 + 15 + (29 - 48)
21
6 + (1 + -1 - (22 - 19))
3
10 + -6 + -2 - (1 + 3)
-2
What is -73 - -59 - (1 + -16)?
1
Calculate 10 - -15 - 34 - (-23 - 0).
14
What is (2 - 11 - (-9 + (12 - 7))) + -14?
-19
Evaluate (69 - 1) + (-302 - -259).
25
Evaluate (-16 - (-5 + -2)) + 13.
4
10 - (-10 + 1 + 20)
-1
What is 6 - (13 + -6) - 15 - 9?
-25
Calculate -24 - (-18 + (6 - -7) - 9).
-10
192 + -175 + -24 + 2
-5
(0 - 1) + (-8 - -15) + 0 + -10
-4
Calculate -1 + 0 + (-1 - -2) + (-447 - -441).
-6
What is the value of (1 - (-47 - -7)) + -67?
-26
What is 0 - (10 - (-4 + 2))?
-12
What is the value of 6 - 12 - (43 - (-2 + 2 + 8))?
-41
Evaluate -5 + (-3 - (0 + -7 - (-75 - -63))).
-13
Calculate (25 - 24) + -10 - (0 + 1).
-10
Calculate (26 - (14 + 8)) + 11.
15
Calculate (-29 - 8 - -40) + (-5 - (-2 - -2)).
-2
-11 + (0 - (-22 + 26))
-15
Calculate -118 + 118 + (-2 - 6).
-8
(10 + 3 - 29) + 5 + (0 - 0)
-11
Evaluate (-23 - -10) + (6 - 3).
-10
-4 + (1 - -1 - -3 - (-57 - -58))
0
Calculate 20 - (4 + -5 + 1 - -7).
13
What is 16 - (20 + (-11 - -1))?
6
What is -11 + (-3 - 8) + (-4 - (-2 - 1))?
-23
(4 - 14 - -4) + 3 - (-8 + 11)
-6
(9 - 3 - (7 + 0)) + -4
-5
Calculate 2 + (59 - 68) + (4 - -1).
-2
Evaluate -28 - -10 - -15 - 0.
-3
What is the value of (-3 - 0) + 33 + -9 + -45?
-24
33 + (3 - (-9 + 26 - (12 - 1)))
30
Evaluate -9 + 17 - ((-8 - -1 - 2) + 29).
-12
What is the value of -5 + (-20 + 37 - 16)?
-4
4 + (-11 - (26 + -4) - -3) - 0
-26
Evaluate 2